 greatest common divisor of 162 and w.
54
Let k = 96 - 89. Suppose -3*s = -34 + k. Let b be 1 - 2 - -158 - (-27)/s. Calculate the highest common factor of 64 and b.
32
Let b be 52/3*23/161*651. What is the greatest common factor of 130 and b?
26
Let c(h) = h**3 - 11*h**2 - 29*h + 7. Let l be c(14). Suppose -8 - 34 = -6*x. Calculate the highest common factor of l and x.
7
Let z(u) = 0 - 7 + 0 + 3 - 12*u. Let o = 120 + -123. Let x be z(o). What is the greatest common divisor of x and 4?
4
Suppose 18 - 148 = 5*z. Let x be z/65 - 4904/(-10). What is the highest common divisor of x and 35?
35
Suppose 0 = -27*p - 9*p + 25848. Suppose -3*i + p = -y, 2*i + 4*y - 512 + 24 = 0. Calculate the greatest common divisor of 3 and i.
3
Suppose -14*t + 1657 - 257 = 0. Suppose 0*p - t = -5*p. What is the greatest common factor of 4 and p?
4
Let s = 152 + -344. Let x be 16/s - 314/(-24). What is the highest common divisor of 39 and x?
13
Let c = 454 + -74. Suppose 5*q + 121 + 69 = k, -2*k + c = -2*q. Suppose -x - 152 = -5*x. What is the greatest common divisor of x and k?
38
Let n(p) = 9*p - 12. Let x be n(3). Let j = 96 + x. Let a = -1 + j. Calculate the highest common divisor of a and 10.
10
Suppose 5310 = 32*v - 47*v. Let t = v - -361. Let r = 30 - -145. What is the highest common factor of t and r?
7
Suppose 1068 = 11*m - 21. Suppose 2*c - f = 3*f + 4, 4*c = -4*f - 4. Suppose -a + m + 41 = c. Calculate the greatest common divisor of a and 56.
28
Let c = 17 + -25. Let p be -1 + (10 - c/2). Let n(x) = -24*x - 164. Let w be n(-9). Calculate the greatest common divisor of w and p.
13
Let v be 64/6*(0 + 3). Let a = 10551 - 10503. What is the greatest common divisor of v and a?
16
Suppose -7*x + 4 + 10 = 0. Suppose -x*h = j - 15 - 2, 5*h + 2*j - 40 = 0. Calculate the highest common factor of 114 and h.
6
Let z(o) = o**2 + 9*o + 15. Let i = 33 - 39. Let p be z(i). Let k be p + (-36)/(-6) + (0 - -48). Calculate the greatest common divisor of k and 68.
17
Suppose 5*y - p = 198, -y + 10 = -p - 28. Suppose 0 = 4*l - 112 + 96. Suppose l*x - 444 = 676. What is the greatest common divisor of y and x?
40
Let j(f) = -11*f**3 - 703*f**2 + 60*f - 88. Let t be j(-64). What is the highest common factor of 1288 and t?
56
Let u = 2977 + -2256. What is the highest common factor of u and 927?
103
Suppose 138*y - 900 = 120*y. What is the greatest common factor of y and 1010?
10
Suppose 0 = -5*i + 10*y - 8*y - 1224, 5*y + 234 = -i. Let w = -169 - i. What is the highest common divisor of 75 and w?
75
Suppose 2*n = r - 17, 3*r + 5*n = 73 - 11. Let j = -94 - 8. Let o = j - -159. Calculate the highest common factor of o and r.
19
Suppose -12*j - 2010 = -3054. Calculate the greatest common divisor of 406 and j.
29
Suppose 0 = 153*y - 227345 - 224617. Calculate the highest common factor of 42 and y.
14
Let q be (508/254)/((-4)/(-11618)). Calculate the greatest common factor of 111 and q.
37
Suppose 0 = 144*s + 211*s - 111*s - 72712. What is the highest common divisor of 8 and s?
2
Let u(t) = -905*t + 2771. Let p be u(3). Suppose 4*m = w + 390, 197 = 5*m - w - 291. Calculate the greatest common factor of p and m.
14
Suppose 6*k - 84 = 282. Let m(r) = 3*r**2 + 3*r + 81. Let d be m(12). What is the greatest common factor of d and k?
61
Let g be 9/3 + (-290)/(-2) + -1. Let j = -14 - -14. Suppose j = -17*b + 10*b + g. Calculate the highest common factor of 7 and b.
7
Let t = -249 + 186. Let h = -47 - t. Let m = 8 - 0. Calculate the greatest common factor of m and h.
8
Suppose -8*g + 2*g = -276. Suppose 672 = -38*s + g*s. What is the highest common divisor of s and 12?
12
Let u(f) = f**3 + 14*f**2 - 19*f + 31. Let d be u(-15). Let t(p) = 7*p - 10. Let i be t(7). What is the highest common divisor of i and d?
13
Suppose 4*y - 18527 = 5*d + 511, -4*d - 9528 = -2*y. What is the greatest common divisor of y and 176?
176
Suppose 22*p + 5*z - 25 = 17*p, 2*z - 11 = -3*p. Suppose 5*x - 65 = 5*i, x - p = 5*i - 10*i. What is the highest common factor of 99 and x?
11
Let k(g) = 4*g + 32. Let l be k(-7). Let i be 30/75 - (3052/(-5))/l. Calculate the greatest common factor of i and 34.
17
Let q be 550/(-6)*-1 - (-2)/6. Calculate the greatest common factor of q and 69.
23
Suppose -461*w + 494 = -442*w. Let v(m) = 6*m**3 - m**2. Let d be v(1). Suppose -3*t + d = -73. What is the highest common divisor of w and t?
26
Let r = -70 + 28. Let o be (3 - 16)/(6/r). Let l = -2144 + 2157. Calculate the highest common factor of l and o.
13
Suppose -8*d - 95 + 239 = 0. Suppose -d*l = -14*l - 44. What is the greatest common divisor of l and 1?
1
Suppose -3*u + 388 = -2*z, -4*u - 4*z + 632 = u. Let t be 1/24 + 59401/7464. What is the highest common factor of t and u?
8
Let f be 14 - 10 - (1 + -19). Suppose 2*d - 4*y - 172 = 0, 5*y + 243 = 5*d - 192. Calculate the greatest common factor of d and f.
22
Let m(b) = 2*b**2 + 2*b - 5. Let h(o) = o**2 - 8*o + 12. Let k = -8 - -12. Let r be h(k). Let j be m(r). Calculate the greatest common factor of 171 and j.
19
Suppose -944 + 264 = -8*v. Calculate the greatest common factor of 9673 and v.
17
Suppose 6*s = 11*s - 220. Let l = -38 + s. Suppose l*y = 2*y - 2*j + 20, -2*j = 3*y - 13. What is the highest common divisor of y and 7?
7
Let d(k) = -k**2 - 25*k + 352. Let i be d(10). Suppose g + 0 = -1. Let c be i + (-4 - -2)*g - -132. Calculate the greatest common factor of 17 and c.
17
Suppose 3*f = 3, 3 = -2*w + 2*f - 17. Let c be (-8)/(-36) + (-268)/w. Let r be -8*(-9)/(-6)*-1. What is the greatest common factor of r and c?
6
Suppose 40 + 15 = 5*h. Suppose -4*v - f = -8, -5*v + 10 = 8*f - 7*f. Suppose -v*q - 693 = -9*q. What is the highest common factor of q and h?
11
Let y = 5534 + -5488. Calculate the highest common factor of 10810 and y.
46
Let t = 12 + -6. Let a = 308 + -239. What is the highest common factor of a and t?
3
Suppose -3*m = -18 - 24. Suppose 422*y - 425*y + 94 = -2*v, -4*y - 4*v + 92 = 0. Calculate the highest common divisor of m and y.
14
Let u(l) = 8*l**2 + 6*l + 1. Let d be u(-6). Let r be (2 - -1)*(-264)/(-72). Calculate the greatest common divisor of r and d.
11
Let f(i) = -2*i**2 - 38*i - 147. Let p be f(-7). Calculate the greatest common factor of p and 10080.
21
Suppose 83*t = 85*t - f - 285, 545 = 4*t + 3*f. Calculate the highest common divisor of t and 4480.
140
Let o(y) = 2*y + 5. Let p be (-20)/9 + (-20)/(-90). Let a be o(p). Suppose -4*h + 5 = a. Calculate the greatest common divisor of 3 and h.
1
Let j = 91 + -73. Suppose -j*p + 278 + 442 = 0. Calculate the highest common divisor of p and 130.
10
Let d(v) = -18*v + 203. Let g be d(11). Let w be (-10)/(-4)*(15 + g). What is the greatest common factor of w and 80?
10
Let n = 59 + -54. Let k be (5 - (2 - 1)) + -1 + n. Calculate the highest common divisor of 44 and k.
4
Let c be (-8 - -12) + (2 - (-3 - -1)). Suppose c*a = 7*a + 21. What is the highest common factor of a and 91?
7
Let j(f) = -185*f - 3189. Let r be j(-21). What is the greatest common factor of 852 and r?
12
Suppose -5*j + 28 = z, 5*j - j - 20 = 0. Suppose -z*h + 11*h = 16. Suppose -4*b + 152 = -h*y, b + y - 3*y = 35. What is the highest common divisor of 312 and b?
39
Let j be 60711/236 + (-10)/8. Calculate the greatest common divisor of j and 352.
32
Let g(a) = 7*a**2 + 27*a + 8. Suppose 4*n - 4 = -3*v, 18*v + 8 = 21*v + 5*n. Let b be g(v). What is the greatest common factor of 24 and b?
12
Let q(n) = n**2 - 6*n - 14. Let j be q(9). Let b = j - 16. Let z be ((2 + b)/(-1))/(2 - 1). What is the highest common divisor of z and 4?
1
Let o be 5/10*(-14 - (4 - 29868)). What is the highest common factor of 75 and o?
75
Let k(t) = -t**3 + 10*t**2 - 6*t + 7. Suppose 26*f - 30 = 23*f. Let y be k(f). Let u = y + 54. Calculate the greatest common factor of u and 11.
1
Let x = 2571 + 6022. What is the greatest common divisor of 13 and x?
13
Suppose -4*p + 192 = 3*a, 0 = -3*p + 180*a - 178*a + 144. What is the greatest common factor of 60 and p?
12
Let u(k) = k**2 + 7*k - 19. Let p be u(-9). Let r = 26 - p. Suppose -49 - r = -4*x. Calculate the greatest common divisor of 95 and x.
19
Let j be 3456/3*26/117. Calculate the greatest common divisor of j and 816.
16
Suppose -6*v = -5*v - 2*i - 3617, 0 = -2*v - 3*i + 7269. Calculate the highest common fac